{"id":1262,"date":"2019-02-24T08:22:49","date_gmt":"2019-02-24T08:22:49","guid":{"rendered":"http:\/\/maxweiler.at\/?page_id=1262"},"modified":"2022-01-07T08:57:32","modified_gmt":"2022-01-07T08:57:32","slug":"neue-landschaften-1973-77","status":"publish","type":"page","link":"https:\/\/maxweiler.at\/index.php\/neue-landschaften-1973-77\/","title":{"rendered":"Neue Landschaften, 1973-79"},"content":{"rendered":"\n<p>Die Umkehrung der Bildordnung, wie sie sich in den &#8220;Landschaften auf t\u00f6nenden Gr\u00fcnden&#8221; vollzogen hatte, blieb auf die Jahre 1969 bis 1972, mit einzelnen Ausl\u00e4ufern bis ins Jahr 1973 beschr\u00e4nkt. Danach kn\u00fcpft Weiler an seine alten Grundlagen wieder an. Von ihnen ausgehend entwickelte sich eine Arbeitsweise, die, auf den ersten Blick, durch eine besondere Lichthaftigkeit besticht. Die wei\u00dfe Grundierung breitet sich auf zum Teil riesigen Fl\u00e4chen aus. Ihr treten weit verstreute und flie\u00dfende Farbflecken entgegen. In einzelnen F\u00e4llen scheint das Licht alle Differenzierungen des Dinglichen aufzuzehren.<\/p>\n\n\n\n<p>Weiler hatte sich klargelegt, dass seine Art der Naturdarstellung eine &#8220;Neusch\u00f6pfung der Natur ohne jede Natur\u00e4hnlichkeit&#8221; bedeutet. Diese Beschreibung scheint nur auf den ersten Blick paradox. Die \u00c4hnlichkeit zwischen dem Bild und der sichtbaren Welt wird jetzt durch die Malerei garantiert. Durch ihr Verm\u00f6gen mit ihren Mitteln, auf ihre Weise einen Prozess in Gang zu setzen, der Sch\u00f6pfung ist, aus dem optische Konstellationen entstehen, die sich &#8220;wie Natur&#8221; betrachten lassen.&nbsp;&#8220;Was ich jetzt mache, ist aus Eitemperafarbe geboren, aus den Lachen auf der liegenden Leinwand, aus dem Spritzen, Tropfen, aus dem Rinnenden, Verrinnenden, aus dem Gestockten, den Formen des Erstarrens, eintrocknender Farbe. Das sind die Mittel, die die Natur darbietet, und die setze ich ein, diese sind das Vokabular, mit dem ich rede, die Formen, aus denen ich Bilder mache, mit denen ich meine Vorstellungen realisiere &#8230; Ganz \u00e4hnliche Kr\u00e4fte haben die Welt gestaltet, darum ergeben sich ununterbrochen Parallelen, \u00c4hnlichkeiten, Gleiches. Kunst, Elektrizit\u00e4t.&#8221;&nbsp;(1973)<\/p>\n\n\n\n<p>Auch der letzte Rest von dinglich Fassbarem ist verschwunden. Dennoch vermissen wir nichts, im Gegenteil. An die Stelle der Dinge sind n\u00e4mlich die Elemente getreten, jene alten, seit der Antike bekannten vier Elemente des Kosmos: die Erde, das Wasser, die Luft, das Feuer. Wir sprechen dann von einem Element, wenn wir das Stoffliche, noch ungestaltete Ensemble der Natur umschreiben wollen bzw. einen einzelnen Bereich davon: alles was aus Wasser, aus Erde etc. gemacht ist. Die vier Elemente repr\u00e4sentieren das in der Natur M\u00f6gliche, solches, das sich da und dort konkretisiert, seine elementarische Kraft und die Ver\u00e4nderlichkeit dar\u00fcber aber nicht verliert. Elemente besitzen ein hohes Energiepotential und einen niedrigen Grad der dinglichen Differenzierung. Darauf deutet Weiler hin, wenn er die omin\u00f6se Bemerkung: &#8220;Kunst, Elektrizit\u00e4t&#8221; macht. Er gibt zu verstehen, dass es in seiner Malerei um Energien geht, um jenes unsichtbare Element, das die Moderne als elektrischen Strom in Gebrauch genommen hat. Auf die Elemente l\u00e4sst sich auch seine Wendung &#8220;wie&#8221; (wie eine Landschaft) besonders gut beziehen. Sie bezeichnen so etwas wie &#8230; so etwas wie Wolken, so etwas wie Wasser, wie Pflanzen usf.<\/p>\n\n\n\n<p>Bemerkenswert ist der Umstand, dass sich die Bilder horizontal ausbreiten. Sie flie\u00dfen gleichsam in die Breite. Der Horizont ist verschwunden, wir sehen uns als Betrachter in ein Geschehen involviert, dessen Distanz wir nicht absch\u00e4tzen k\u00f6nnen. Trotz aller Betonung der Breite hat die Erfahrung, die wir an den Bildern machen, sehr viel mehr mit H\u00f6he zu tun. Eine eigenartige Polarit\u00e4t, die der Vertikale eine unbestimmte, aber starke Macht verleiht. Sie besitzen eine frische und befreiende F\u00e4higkeit, den Blick des Betrachters, weit \u00fcber die Bildgrenze hinaus zu erheben.<\/p>\n\n\n\n<p>Folgt man Weilers Notizen in den &#8220;Tag- und Nachtheften&#8221; dann verbindet sich dieser Aufmerksamkeit gegen\u00fcber der fluidalen Qualit\u00e4t der Natur, eine gleichgewichtete Aufmerksamkeit gegen\u00fcber dem &#8220;Unterbewussten&#8221;. Man geht nicht fehl in der Annahme, dass der Fluss der Elemente, der sich jeweils zu einem Ganzen organisiert, mit dem Fluss der Erinnerungen, Gef\u00fchle und Einsichten zusammenklingt, der sich im inneren Bewusstseinsstrom entwickelt. \u00c4u\u00dfere und Innere Welt: ein einziger Wirkungsraum.&nbsp;&#8220;Denn wir sind in Wirklichkeit so alt wie die Welt selbst und kennen uns (die Luft, die Nacht, den Stein, die Pflanze und das Tier und so fort) so gut wie lang \u2013 irgendwo tief unten \u2013 und haben noch Ahnungen &#8230;&#8221;&nbsp;(1975)<br><br><br><\/p>\n\n\n\n<div class=\"wp-block-image\"><figure class=\"aligncenter\"><img loading=\"lazy\" decoding=\"async\" width=\"964\" height=\"1200\" src=\"https:\/\/maxweiler.at\/wp-content\/uploads\/2019\/02\/mw781.jpg\" alt=\"\" class=\"wp-image-1263\" srcset=\"https:\/\/maxweiler.at\/wp-content\/uploads\/2019\/02\/mw781.jpg 964w, https:\/\/maxweiler.at\/wp-content\/uploads\/2019\/02\/mw781-241x300.jpg 241w, https:\/\/maxweiler.at\/wp-content\/uploads\/2019\/02\/mw781-768x956.jpg 768w, https:\/\/maxweiler.at\/wp-content\/uploads\/2019\/02\/mw781-823x1024.jpg 823w\" sizes=\"auto, (max-width: 767px) 99vw, (max-width: 1000px) 99vw, (max-width: 1071px) 99vw\" \/><figcaption><strong>Blaue B\u00e4ume und Purpurhimmel, 1973<br><\/strong>Eitempera auf Leinwand <br>130 x 105 cm<br><br><\/figcaption><\/figure><\/div>\n\n\n\n<figure class=\"wp-block-image alignfull\"><img loading=\"lazy\" decoding=\"async\" width=\"1900\" height=\"781\" src=\"https:\/\/maxweiler.at\/wp-content\/uploads\/2019\/02\/mw785.jpg\" alt=\"\" class=\"wp-image-1267\" srcset=\"https:\/\/maxweiler.at\/wp-content\/uploads\/2019\/02\/mw785.jpg 1900w, https:\/\/maxweiler.at\/wp-content\/uploads\/2019\/02\/mw785-300x123.jpg 300w, https:\/\/maxweiler.at\/wp-content\/uploads\/2019\/02\/mw785-768x316.jpg 768w, https:\/\/maxweiler.at\/wp-content\/uploads\/2019\/02\/mw785-1024x421.jpg 1024w\" sizes=\"auto, (max-width: 767px) 99vw, (max-width: 1000px) 99vw, (max-width: 1071px) 99vw\" \/><figcaption><strong>Ganz rechts lebendige Natur, 1973<\/strong><br>Eitempera auf Leinwand 256 x 608 cm <br>Universit\u00e4t Wien, Juridicum<br><br><\/figcaption><\/figure>\n\n\n\n<figure class=\"wp-block-image alignfull\"><img loading=\"lazy\" decoding=\"async\" width=\"1900\" height=\"785\" src=\"https:\/\/maxweiler.at\/wp-content\/uploads\/2019\/02\/mw786.jpg\" alt=\"\" class=\"wp-image-1268\" srcset=\"https:\/\/maxweiler.at\/wp-content\/uploads\/2019\/02\/mw786.jpg 1900w, https:\/\/maxweiler.at\/wp-content\/uploads\/2019\/02\/mw786-300x124.jpg 300w, https:\/\/maxweiler.at\/wp-content\/uploads\/2019\/02\/mw786-768x317.jpg 768w, https:\/\/maxweiler.at\/wp-content\/uploads\/2019\/02\/mw786-1024x423.jpg 1024w\" sizes=\"auto, (max-width: 767px) 99vw, (max-width: 1000px) 99vw, (max-width: 1071px) 99vw\" \/><figcaption><strong>Natur mit Caput mortuum, 1974<br><\/strong>Eitempera auf Leinwand <br>256 x 608 cm <br>Universit\u00e4t Wien, Juridicum<br><br><\/figcaption><\/figure>\n\n\n\n<figure class=\"wp-block-image alignfull\"><img loading=\"lazy\" decoding=\"async\" width=\"1024\" height=\"522\" src=\"https:\/\/maxweiler.at\/wp-content\/uploads\/2019\/03\/16.19_1974_Blauer-Berg-1024x522.jpg\" alt=\"\" class=\"wp-image-1391\" srcset=\"https:\/\/maxweiler.at\/wp-content\/uploads\/2019\/03\/16.19_1974_Blauer-Berg-1024x522.jpg 1024w, https:\/\/maxweiler.at\/wp-content\/uploads\/2019\/03\/16.19_1974_Blauer-Berg-300x153.jpg 300w, https:\/\/maxweiler.at\/wp-content\/uploads\/2019\/03\/16.19_1974_Blauer-Berg-768x392.jpg 768w, https:\/\/maxweiler.at\/wp-content\/uploads\/2019\/03\/16.19_1974_Blauer-Berg.jpg 1890w\" sizes=\"auto, (max-width: 767px) 99vw, (max-width: 1000px) 99vw, (max-width: 1071px) 99vw\" \/><figcaption><strong>Blauer Berg mit herbstlichem Laubbaumg\u00fcrtel, 1974<br><\/strong>Eitempera auf Leinwand <br>100 x 195 cm <br>Sammlung ORF, Wien<br><br><\/figcaption><\/figure>\n\n\n\n<figure class=\"wp-block-image alignfull\"><img loading=\"lazy\" decoding=\"async\" width=\"1202\" height=\"1200\" src=\"https:\/\/maxweiler.at\/wp-content\/uploads\/2019\/02\/1975_Moos-in-der-Mitte.jpg\" alt=\"\" class=\"wp-image-1266\" srcset=\"https:\/\/maxweiler.at\/wp-content\/uploads\/2019\/02\/1975_Moos-in-der-Mitte.jpg 1202w, https:\/\/maxweiler.at\/wp-content\/uploads\/2019\/02\/1975_Moos-in-der-Mitte-150x150.jpg 150w, https:\/\/maxweiler.at\/wp-content\/uploads\/2019\/02\/1975_Moos-in-der-Mitte-300x300.jpg 300w, https:\/\/maxweiler.at\/wp-content\/uploads\/2019\/02\/1975_Moos-in-der-Mitte-768x767.jpg 768w, https:\/\/maxweiler.at\/wp-content\/uploads\/2019\/02\/1975_Moos-in-der-Mitte-1024x1022.jpg 1024w, https:\/\/maxweiler.at\/wp-content\/uploads\/2019\/02\/1975_Moos-in-der-Mitte-100x100.jpg 100w\" sizes=\"auto, (max-width: 767px) 99vw, (max-width: 1000px) 99vw, (max-width: 1071px) 99vw\" \/><figcaption><strong>Moos in der Mitte, 1975<br><\/strong>Eitempera auf Leinwand <br>200 x 198 cm<br><br><\/figcaption><\/figure>\n\n\n\n<figure class=\"wp-block-image alignfull\"><img loading=\"lazy\" decoding=\"async\" width=\"1024\" height=\"1021\" src=\"https:\/\/maxweiler.at\/wp-content\/uploads\/2019\/03\/18.02_1976_NeueNat\u00fcrlichkeit-1024x1021.jpg\" alt=\"\" class=\"wp-image-1413\" srcset=\"https:\/\/maxweiler.at\/wp-content\/uploads\/2019\/03\/18.02_1976_NeueNat\u00fcrlichkeit-1024x1021.jpg 1024w, https:\/\/maxweiler.at\/wp-content\/uploads\/2019\/03\/18.02_1976_NeueNat\u00fcrlichkeit-150x150.jpg 150w, https:\/\/maxweiler.at\/wp-content\/uploads\/2019\/03\/18.02_1976_NeueNat\u00fcrlichkeit-300x300.jpg 300w, https:\/\/maxweiler.at\/wp-content\/uploads\/2019\/03\/18.02_1976_NeueNat\u00fcrlichkeit-768x766.jpg 768w, https:\/\/maxweiler.at\/wp-content\/uploads\/2019\/03\/18.02_1976_NeueNat\u00fcrlichkeit-100x100.jpg 100w, https:\/\/maxweiler.at\/wp-content\/uploads\/2019\/03\/18.02_1976_NeueNat\u00fcrlichkeit.jpg 1199w\" sizes=\"auto, (max-width: 767px) 99vw, (max-width: 1000px) 99vw, (max-width: 1071px) 99vw\" \/><figcaption><strong>Neue Nat\u00fcrlichkeit. Wasser, 1976<\/strong><br>Eitempera auf Leinwand <br>200 x 200 cm<br><br><\/figcaption><\/figure>\n\n\n\n<figure class=\"wp-block-image alignfull\"><img loading=\"lazy\" decoding=\"async\" width=\"1188\" height=\"1200\" src=\"https:\/\/maxweiler.at\/wp-content\/uploads\/2019\/02\/18.26_1976_Saum-des-H\u00fcgels.jpg\" alt=\"\" class=\"wp-image-1270\" srcset=\"https:\/\/maxweiler.at\/wp-content\/uploads\/2019\/02\/18.26_1976_Saum-des-H\u00fcgels.jpg 1188w, https:\/\/maxweiler.at\/wp-content\/uploads\/2019\/02\/18.26_1976_Saum-des-H\u00fcgels-297x300.jpg 297w, https:\/\/maxweiler.at\/wp-content\/uploads\/2019\/02\/18.26_1976_Saum-des-H\u00fcgels-768x776.jpg 768w, https:\/\/maxweiler.at\/wp-content\/uploads\/2019\/02\/18.26_1976_Saum-des-H\u00fcgels-1014x1024.jpg 1014w, https:\/\/maxweiler.at\/wp-content\/uploads\/2019\/02\/18.26_1976_Saum-des-H\u00fcgels-100x100.jpg 100w\" sizes=\"auto, (max-width: 767px) 99vw, (max-width: 1000px) 99vw, (max-width: 1071px) 99vw\" \/><figcaption><strong>Saum des H\u00fcgels, 1976<br><\/strong>Eitempera auf Leinwand <br>200 x 198 cm <br>Gem\u00e4ldegalerie der Akademie der bildenden K\u00fcnste, Wien<br><br><\/figcaption><\/figure>\n\n\n\n<figure class=\"wp-block-image alignfull\"><img loading=\"lazy\" decoding=\"async\" width=\"1183\" height=\"1200\" src=\"https:\/\/maxweiler.at\/wp-content\/uploads\/2019\/02\/18.01_1976_Himmelsgegend.jpg\" alt=\"\" class=\"wp-image-1271\" srcset=\"https:\/\/maxweiler.at\/wp-content\/uploads\/2019\/02\/18.01_1976_Himmelsgegend.jpg 1183w, https:\/\/maxweiler.at\/wp-content\/uploads\/2019\/02\/18.01_1976_Himmelsgegend-296x300.jpg 296w, https:\/\/maxweiler.at\/wp-content\/uploads\/2019\/02\/18.01_1976_Himmelsgegend-768x779.jpg 768w, https:\/\/maxweiler.at\/wp-content\/uploads\/2019\/02\/18.01_1976_Himmelsgegend-1009x1024.jpg 1009w, https:\/\/maxweiler.at\/wp-content\/uploads\/2019\/02\/18.01_1976_Himmelsgegend-100x100.jpg 100w\" sizes=\"auto, (max-width: 767px) 99vw, (max-width: 1000px) 99vw, (max-width: 1071px) 99vw\" \/><figcaption><strong>Himmelsgegend, 1976<br><\/strong>Eitempera auf Leinwand <br>200 x 198 cm<br><br><\/figcaption><\/figure>\n\n\n\n<figure class=\"wp-block-image alignfull\"><img loading=\"lazy\" decoding=\"async\" width=\"1900\" height=\"826\" src=\"https:\/\/maxweiler.at\/wp-content\/uploads\/2019\/02\/18.10_1976_\u00dcber-der-Baumgrenze.jpg\" alt=\"\" class=\"wp-image-1272\" srcset=\"https:\/\/maxweiler.at\/wp-content\/uploads\/2019\/02\/18.10_1976_\u00dcber-der-Baumgrenze.jpg 1900w, https:\/\/maxweiler.at\/wp-content\/uploads\/2019\/02\/18.10_1976_\u00dcber-der-Baumgrenze-300x130.jpg 300w, https:\/\/maxweiler.at\/wp-content\/uploads\/2019\/02\/18.10_1976_\u00dcber-der-Baumgrenze-768x334.jpg 768w, https:\/\/maxweiler.at\/wp-content\/uploads\/2019\/02\/18.10_1976_\u00dcber-der-Baumgrenze-1024x445.jpg 1024w\" sizes=\"auto, (max-width: 767px) 99vw, (max-width: 1000px) 99vw, (max-width: 1071px) 99vw\" \/><figcaption><strong>\u00dcber der Baumgrenze, 1976<br><\/strong>Eitempera auf Leinwand <br>256 x 580 cm <br>Museum Moderner Kunst Stiftung Ludwig Wien<br><br><\/figcaption><\/figure>\n\n\n\n<figure class=\"wp-block-image alignfull\"><img loading=\"lazy\" decoding=\"async\" width=\"1900\" height=\"781\" src=\"https:\/\/maxweiler.at\/wp-content\/uploads\/2019\/02\/18.11_1977_Himmelslandschaft.jpg\" alt=\"\" class=\"wp-image-1273\" srcset=\"https:\/\/maxweiler.at\/wp-content\/uploads\/2019\/02\/18.11_1977_Himmelslandschaft.jpg 1900w, https:\/\/maxweiler.at\/wp-content\/uploads\/2019\/02\/18.11_1977_Himmelslandschaft-300x123.jpg 300w, https:\/\/maxweiler.at\/wp-content\/uploads\/2019\/02\/18.11_1977_Himmelslandschaft-768x316.jpg 768w, https:\/\/maxweiler.at\/wp-content\/uploads\/2019\/02\/18.11_1977_Himmelslandschaft-1024x421.jpg 1024w\" sizes=\"auto, (max-width: 767px) 99vw, (max-width: 1000px) 99vw, (max-width: 1071px) 99vw\" \/><figcaption><strong>Himmelslandschaft, 1977<br><\/strong>Eitempera auf Leinwand <br>256 x 608 cm <br>Museum Moderner Kunst Stiftung Ludwig Wien<br><br><\/figcaption><\/figure>\n\n\n\n<figure class=\"wp-block-image alignfull\"><img loading=\"lazy\" decoding=\"async\" width=\"1184\" height=\"1200\" src=\"https:\/\/maxweiler.at\/wp-content\/uploads\/2019\/02\/18.06_1977_Wolken-d.Landschaft.jpg\" alt=\"\" class=\"wp-image-1275\" srcset=\"https:\/\/maxweiler.at\/wp-content\/uploads\/2019\/02\/18.06_1977_Wolken-d.Landschaft.jpg 1184w, https:\/\/maxweiler.at\/wp-content\/uploads\/2019\/02\/18.06_1977_Wolken-d.Landschaft-296x300.jpg 296w, https:\/\/maxweiler.at\/wp-content\/uploads\/2019\/02\/18.06_1977_Wolken-d.Landschaft-768x778.jpg 768w, https:\/\/maxweiler.at\/wp-content\/uploads\/2019\/02\/18.06_1977_Wolken-d.Landschaft-1010x1024.jpg 1010w, https:\/\/maxweiler.at\/wp-content\/uploads\/2019\/02\/18.06_1977_Wolken-d.Landschaft-100x100.jpg 100w\" sizes=\"auto, (max-width: 767px) 99vw, (max-width: 1000px) 99vw, (max-width: 1071px) 99vw\" \/><figcaption><strong>Die Wolken dieser Landschaft, 1977<br><\/strong>Eitempera auf Leinwand <br>200 x 198 cm<br><br><\/figcaption><\/figure>\n\n\n\n<figure class=\"wp-block-image alignfull\"><img loading=\"lazy\" decoding=\"async\" width=\"1900\" height=\"949\" src=\"https:\/\/maxweiler.at\/wp-content\/uploads\/2019\/02\/18.03_1977_Gr_LandschaftH\u00fcgel.jpg\" alt=\"\" class=\"wp-image-1276\" srcset=\"https:\/\/maxweiler.at\/wp-content\/uploads\/2019\/02\/18.03_1977_Gr_LandschaftH\u00fcgel.jpg 1900w, https:\/\/maxweiler.at\/wp-content\/uploads\/2019\/02\/18.03_1977_Gr_LandschaftH\u00fcgel-300x150.jpg 300w, https:\/\/maxweiler.at\/wp-content\/uploads\/2019\/02\/18.03_1977_Gr_LandschaftH\u00fcgel-768x384.jpg 768w, https:\/\/maxweiler.at\/wp-content\/uploads\/2019\/02\/18.03_1977_Gr_LandschaftH\u00fcgel-1024x511.jpg 1024w\" sizes=\"auto, (max-width: 767px) 99vw, (max-width: 1000px) 99vw, (max-width: 1071px) 99vw\" \/><figcaption><strong>Gro\u00dfe Landschaft mit H\u00fcgel, 1977<br><\/strong>Eitempera auf Leinwand <br>100 x 200 cm<br><br><\/figcaption><\/figure>\n\n\n\n<figure class=\"wp-block-image alignfull\"><img loading=\"lazy\" decoding=\"async\" width=\"1194\" height=\"1200\" src=\"https:\/\/maxweiler.at\/wp-content\/uploads\/2019\/02\/18.05_1977_Himmelund-Wolken.jpg\" alt=\"\" class=\"wp-image-1277\" srcset=\"https:\/\/maxweiler.at\/wp-content\/uploads\/2019\/02\/18.05_1977_Himmelund-Wolken.jpg 1194w, https:\/\/maxweiler.at\/wp-content\/uploads\/2019\/02\/18.05_1977_Himmelund-Wolken-150x150.jpg 150w, https:\/\/maxweiler.at\/wp-content\/uploads\/2019\/02\/18.05_1977_Himmelund-Wolken-768x772.jpg 768w, https:\/\/maxweiler.at\/wp-content\/uploads\/2019\/02\/18.05_1977_Himmelund-Wolken-1019x1024.jpg 1019w, https:\/\/maxweiler.at\/wp-content\/uploads\/2019\/02\/18.05_1977_Himmelund-Wolken-100x100.jpg 100w\" sizes=\"auto, (max-width: 767px) 99vw, (max-width: 1000px) 99vw, (max-width: 1071px) 99vw\" \/><figcaption><strong>Himmel und Wolken, 1977<br><\/strong>Eitempera auf Leinwand <br>200 x 198 cm<br><br><\/figcaption><\/figure>\n\n\n\n<figure class=\"wp-block-image alignfull\"><img loading=\"lazy\" decoding=\"async\" width=\"1900\" height=\"949\" src=\"https:\/\/maxweiler.at\/wp-content\/uploads\/2019\/02\/18.04_1977_Baum-und-Stein.jpg\" alt=\"\" class=\"wp-image-1278\" srcset=\"https:\/\/maxweiler.at\/wp-content\/uploads\/2019\/02\/18.04_1977_Baum-und-Stein.jpg 1900w, https:\/\/maxweiler.at\/wp-content\/uploads\/2019\/02\/18.04_1977_Baum-und-Stein-300x150.jpg 300w, https:\/\/maxweiler.at\/wp-content\/uploads\/2019\/02\/18.04_1977_Baum-und-Stein-768x384.jpg 768w, https:\/\/maxweiler.at\/wp-content\/uploads\/2019\/02\/18.04_1977_Baum-und-Stein-1024x511.jpg 1024w\" sizes=\"auto, (max-width: 767px) 99vw, (max-width: 1000px) 99vw, (max-width: 1071px) 99vw\" \/><figcaption><strong>Baum und Stein, 1977<br><\/strong>Eitempera auf Leinwand <br>100 x 200 cm<\/figcaption><\/figure>\n\n\n\n<figure class=\"wp-block-image alignfull\"><img loading=\"lazy\" decoding=\"async\" width=\"1179\" height=\"1200\" src=\"https:\/\/maxweiler.at\/wp-content\/uploads\/2019\/02\/18.07_1977_Umbrabaum.jpg\" alt=\"\" class=\"wp-image-1279\" srcset=\"https:\/\/maxweiler.at\/wp-content\/uploads\/2019\/02\/18.07_1977_Umbrabaum.jpg 1179w, https:\/\/maxweiler.at\/wp-content\/uploads\/2019\/02\/18.07_1977_Umbrabaum-295x300.jpg 295w, https:\/\/maxweiler.at\/wp-content\/uploads\/2019\/02\/18.07_1977_Umbrabaum-768x782.jpg 768w, https:\/\/maxweiler.at\/wp-content\/uploads\/2019\/02\/18.07_1977_Umbrabaum-1006x1024.jpg 1006w\" sizes=\"auto, (max-width: 767px) 99vw, (max-width: 1000px) 99vw, (max-width: 1071px) 99vw\" \/><figcaption><strong>Umbrabaum, 1977<br><\/strong>Eitempera auf Leinwand <br>200 x 198 cm<br><br><\/figcaption><\/figure>\n\n\n\n<figure class=\"wp-block-image alignfull\"><img loading=\"lazy\" decoding=\"async\" width=\"1024\" height=\"801\" src=\"https:\/\/maxweiler.at\/wp-content\/uploads\/2019\/03\/1979_Silvius_Magnago-1024x801.jpg\" alt=\"\" class=\"wp-image-1389\" srcset=\"https:\/\/maxweiler.at\/wp-content\/uploads\/2019\/03\/1979_Silvius_Magnago-1024x801.jpg 1024w, https:\/\/maxweiler.at\/wp-content\/uploads\/2019\/03\/1979_Silvius_Magnago-300x235.jpg 300w, https:\/\/maxweiler.at\/wp-content\/uploads\/2019\/03\/1979_Silvius_Magnago-768x600.jpg 768w, https:\/\/maxweiler.at\/wp-content\/uploads\/2019\/03\/1979_Silvius_Magnago.jpg 1535w\" sizes=\"auto, (max-width: 767px) 99vw, (max-width: 1000px) 99vw, (max-width: 1071px) 99vw\" \/><figcaption><strong>Portr\u00e4t Landeshauptmann Silvius Magnago, 1979<br><\/strong>Eitempera auf Leinwand <br>128 x 164 cm<\/figcaption><\/figure>\n","protected":false},"excerpt":{"rendered":"<p>Die Umkehrung der Bildordnung, wie sie sich in den &#8220;Landschaften auf t\u00f6nenden Gr\u00fcnden&#8221; vollzogen hatte, blieb auf die Jahre 1969 bis 1972, mit einzelnen Ausl\u00e4ufern bis ins Jahr 1973 beschr\u00e4nkt. Danach kn\u00fcpft Weiler an seine alten Grundlagen wieder an. Von ihnen ausgehend entwickelte sich eine Arbeitsweise, die, auf den ersten Blick, durch eine besondere Lichthaftigkeit &hellip; <\/p>\n<p class=\"link-more\"><a href=\"https:\/\/maxweiler.at\/index.php\/neue-landschaften-1973-77\/\" class=\"more-link\">Continue reading<span class=\"screen-reader-text\"> &#8220;Neue Landschaften, 1973-79&#8221;<\/span><\/a><\/p>\n","protected":false},"author":1,"featured_media":0,"parent":0,"menu_order":0,"comment_status":"closed","ping_status":"closed","template":"","meta":{"footnotes":""},"class_list":["post-1262","page","type-page","status-publish","hentry"],"_links":{"self":[{"href":"https:\/\/maxweiler.at\/index.php\/wp-json\/wp\/v2\/pages\/1262","targetHints":{"allow":["GET"]}}],"collection":[{"href":"https:\/\/maxweiler.at\/index.php\/wp-json\/wp\/v2\/pages"}],"about":[{"href":"https:\/\/maxweiler.at\/index.php\/wp-json\/wp\/v2\/types\/page"}],"author":[{"embeddable":true,"href":"https:\/\/maxweiler.at\/index.php\/wp-json\/wp\/v2\/users\/1"}],"replies":[{"embeddable":true,"href":"https:\/\/maxweiler.at\/index.php\/wp-json\/wp\/v2\/comments?post=1262"}],"version-history":[{"count":26,"href":"https:\/\/maxweiler.at\/index.php\/wp-json\/wp\/v2\/pages\/1262\/revisions"}],"predecessor-version":[{"id":1528,"href":"https:\/\/maxweiler.at\/index.php\/wp-json\/wp\/v2\/pages\/1262\/revisions\/1528"}],"wp:attachment":[{"href":"https:\/\/maxweiler.at\/index.php\/wp-json\/wp\/v2\/media?parent=1262"}],"curies":[{"name":"wp","href":"https:\/\/api.w.org\/{rel}","templated":true}]}}